*2 - 7*q - 1. Let o(h) = h**3 + h**2 + 2*h. Let a(p) = -17*o(p) - 6*v(p). Determine a(s).
-6
Let i = -22 - -29. Let q(a) = 11*a - i*a + 3*a**2 - 6*a**2 + 4 + 4*a**2. Give q(-3).
1
Let o(f) = -3*f**2 + f. Let p(c) = c**3 - 8*c**2 + 6*c + 6. Suppose 3 = 3*n, -2*r + 4*n = -5*r + 25. Let s be p(r). What is o(s)?
-4
Suppose 0 = -2*j - 3*h - 2, -4*j = j + 3*h + 23. Let g(o) = -o**3 - 7*o**2 + 2*o + 8. Determine g(j).
-6
Let o = -7 - -10. Let s(z) = -z**3 + 4*z**2 - z + 4. Give s(o).
10
Let f(t) = 2*t + 2. Let l = -18 - -15. Give f(l).
-4
Let h be -4 + 3 - 4/(16/28). Let w(z) = z + 10. Calculate w(h).
2
Suppose 0 = f - 3 + 5. Let g(r) be the third derivative of -r**4/12 - r**3/6 - r**2. Give g(f).
3
Let l = 11 + -6. Let b(s) = -9 + 4*s + l + 5. What is b(3)?
13
Let k = -3 + 10. Let g(j) = 0*j**2 + 10*j**2 - k*j**2 - 10*j**2. Let a be 40/(-25) + 3/5. Calculate g(a).
-7
Let z(x) = -9*x - 14. Let s(i) = -8*i - 12. Let a(j) = 4*s(j) - 3*z(j). What is a(-5)?
19
Suppose 23*l = 20*l + 15. Let d(i) = -i**3 + 4*i**2 + 5*i. Determine d(l).
0
Let y(s) = s**3 - 7*s**2 - 27 + 12 - 3*s + 23. Give y(7).
-13
Let f(z) = -2*z**3 - 3*z**2 - z. Suppose 7 = 2*o - 5*g, o + 6*g - 11 = g. Let v = o - 8. Give f(v).
6
Let p(k) = -k - 4. Suppose -6*t - 5 = -t. Let i = t + -3. Give p(i).
0
Let d(l) = l + 1. Suppose 0 = -4*f + x - 3 - 12, 3 = x. Determine d(f).
-2
Let z(i) = -3*i**2 - 2*i + 4. Let a(c) = 32 + 26 - 59. Let q(n) = 2*a(n) + z(n). Calculate q(-2).
-6
Let x be 7/(14/24) + -3. Suppose -4*m = -x*m. Let h(v) = -v. Calculate h(m).
0
Let h(q) = -q**3 - 2*q**2 + 4*q. Let m be h(-3). Let x(t) = 4*t**2 + 3*t + 13. Let b(n) = -2*n**2 - 2*n - 6. Let z(k) = m*x(k) - 7*b(k). Calculate z(-3).
6
Suppose -2*q + 8 = 2. Let m be (-1)/(-2) - q/(-2). Let g(r) = -r**3 + 6 + m*r**2 + r**2 - 3*r**2. Determine g(0).
6
Let k(w) = 6*w**2 - 12*w - 3. Let j(y) = -7*y**2 + 13*y + 3. Let o(n) = -5*j(n) - 6*k(n). Determine o(8).
-5
Let p be (-3 + 0)*(2 - 3). Suppose 0 = 6*s - s + p*i + 5, -3*i = -s + 17. Let r(b) = 2*b + b**2 + 4*b - 1 - 8*b + 3*b. Give r(s).
5
Let x(i) = -i**2 + 8*i + 8. Suppose 2*k + k - 9 = 0. Let s(c) = 5*c**2 + 19 - 4*c**2 + 17*c - 4*c**2 - k. Let a(g) = -2*s(g) + 5*x(g). Give a(-6).
8
Let q(n) = -n**3 + n**2 - 1. Let g be q(-1). Suppose 3*k - 2*k = g. Let p(y) = 3*y - k + 9 + 0*y - 4*y. Give p(6).
2
Let m(c) = 5*c. Let g be m(6). Suppose -5 = 5*z - g. Let o(s) = 11*s**2 + 2*s + 1. Let i(b) = -2*b**2 - b - 1. Let t(l) = 5*i(l) + o(l). Calculate t(z).
6
Suppose -19 + 4 = -5*s. Let o(i) = -2*i + 4. Let c(y) = -3*y + 7. Let j(v) = s*c(v) - 5*o(v). Let q be (0 - (-3)/6)*-2. Give j(q).
0
Let f(m) be the second derivative of 1/2*m**2 + 0 + 3*m + m**3. What is f(-1)?
-5
Let s(j) = -43 - 5*j + 22 + 14 + 14 - j**2. What is s(-5)?
7
Let m(t) = t**3 + 6*t**2 + 4*t - 4. Let g(h) = 0 - 6*h**3 + h + h - 1. Let o be (1 + -3)*7/(-14). Let a be g(o). Give m(a).
1
Let i(h) = h**3 - 5*h**2 - 6. Let o be (-4)/(-8) - (-27)/6. Give i(o).
-6
Suppose 5*t = -0*t - 30. Let f(c) = c**3 + 5*c**2 - 6*c + 5. Let b be f(t). Let v(h) = b + h - h - h. What is v(5)?
0
Let m(x) = x**2 + x + 7. Let v(h) = -h**2 - 8. Let u(b) = 5*m(b) + 4*v(b). Let p be (12/4)/((-6)/(-10)). Suppose -2*g + 4 + 8 = -5*r, p*g = 5*r. Calculate u(r).
-1
Suppose w = 8 + 2. Let o(u) = -u**3 + 9*u**2 + 12*u - 14. Give o(w).
6
Let x(l) be the first derivative of 2 + 0*l**2 + 0*l**4 + 0*l - 1/3*l**3 - 1/30*l**5. Let z(q) be the third derivative of x(q). Give z(2).
-8
Suppose 16*d = 11*d. Let t(o) be the third derivative of -o**6/120 - 5*o**3/6 + 3*o**2. What is t(d)?
-5
Let b(f) = -f**2 - 5*f - 2. Let h = 5 + 0. Suppose 0 = -v - 0 - h. Determine b(v).
-2
Let h(c) = 26*c**2 - c + c - c - 27*c**2 - 6*c**3. Calculate h(-1).
6
Let h(y) be the first derivative of -y**4/4 + 5*y**3/3 - 2*y**2 + 4*y - 3. Let c(q) = -3*q**3 + 10*q**2 - 8*q + 8. Let g(u) = -2*c(u) + 5*h(u). What is g(-6)?
-8
Let b be (0/14)/((-1)/(-1)). Let n(t) be the third derivative of 1/120*t**6 + 1/8*t**4 - 1/12*t**5 - t**2 + 0*t**3 + b*t + 0. What is n(4)?
-4
Let a be (-8)/12*(-18)/8. Let f(l) be the first derivative of -3 + 0*l + a*l**2. Determine f(2).
6
Let l be -6*(0 - (-4)/(-3)). Suppose -9 = -5*a + 2*a. Let w = a - l. Let p(z) = z**3 + 4*z**2 - 7*z - 5. What is p(w)?
5
Let b(f) = f**3 + 6*f**2 + 6*f + 3. Suppose 2*i - q - 3*q = -18, -i = -4*q + 13. What is b(i)?
-2
Suppose -2*n - 6 = -5*n. Let v = 14 + -12. Let x(m) = v*m + m**2 + 0 - 8*m + 2 + 4*m. Give x(n).
2
Let o(t) = 4 - 6 + 11*t + 1. Calculate o(-1).
-12
Suppose 4*q - 23 = 4*r - 7, r - 3*q + 12 = 0. Let d(i) = 0*i - i - 2 + r*i + 2*i + i**3 - i**2. Give d(0).
-2
Let j(a) = -a**2 + a + 6. Suppose 3*f - f - 20 = 2*r, f = -r. What is j(f)?
-14
Let i(f) = -f**3 + 7*f**2 - 5*f - 7. Suppose -5*n - 4*r = -29, 1 = -2*n + 5*r + 6. What is i(n)?
18
Let z(f) = -7*f + 16. Let p(n) = -9*n + 18. Let a(b) = 4*p(b) - 5*z(b). Let i be 1/(-1)*(-5 - 1). Give a(i).
-14
Let k be 3/2*(-2 - -4) + 2. Let z(h) be the third derivative of 0*h + 1/12*h**4 - 1/60*h**k - 2*h**2 - 1/3*h**3 + 0. Determine z(3).
-5
Let n(h) = 7*h + 45. Let v be n(-7). Let k(a) = -a**2 - 3*a - 5. Give k(v).
-9
Let u = 29 - 26. Let j(x) be the first derivative of 0*x + 1 - 5/3*x**u + 1/4*x**4 + 1/2*x**2. Give j(5).
5
Let d be (15/9)/((-4)/12). Let c(b) = -15*b - 6. Let i(m) = -8*m - 3. Let z(h) = -6*c(h) + 11*i(h). Calculate z(d).
-7
Let o(p) = -4*p**3 + 5*p**2 + 2*p. Let b(h) = 3*h**3 - 4*h**2 - 3*h - 1. Let f(q) = -3*b(q) - 2*o(q). What is f(4)?
-9
Let w = -76 + 69. Let j(z) = -z - 12. Determine j(w).
-5
Let x(r) = -2*r - 2. Let c be (-5)/((-5)/2)*-1. Give x(c).
2
Let s be (5/6)/(4/24). Let v(h) = 1 - s*h + 3*h - 3*h + 4*h. Calculate v(-1).
2
Let l(v) = -v**2 + 8*v - 9. Suppose -5*j - 3*w = -45, -2*w + 8 = j - 8. What is l(j)?
3
Let v(o) = o**2 - 3*o - 7. Let s = -42 - -47. Calculate v(s).
3
Let k(n) be the second derivative of -n**5/20 - n**4/12 - 3*n**2 + 5*n. Suppose 3*a + 5 = 5*z, -3*z = 5*a - 0 - 3. Calculate k(a).
-6
Let m(h) = h**3 + 4*h**2 + h + 5. Let i be m(-4). Let n = 3 - i. Suppose 4 = 3*c - n. Let t(d) = d - 1. Calculate t(c).
1
Let r(f) be the first derivative of 1/3*f**3 - 2 + 7/2*f**2 - 3*f. What is r(-7)?
-3
Let i(r) = r. Suppose 8*b + 5*s = 3*b + 20, s = -4*b + 13. Let u be -3 + b/3*-2. Let t be (u/4)/(3/(-12)). Determine i(t).
5
Let i(s) = s**2 - 7*s + 2. Let m be i(7). Let o(p) be the third derivative of 0*p**4 + 0 + 0*p + 1/30*p**5 - p**2 + 1/3*p**3. Calculate o(m).
10
Suppose -3*b = q - 11, 3*q - 4*b + 3 = -3. Let k(l) = 4*l + 3*l + 6 + 0*l**q + 7*l**2 + l**3 + 0*l. Determine k(-6).
0
Let h be (-2 - -24) + 1 + 1. Let j = h - 5. Suppose 3*n - j = 4*w, 5*w + 16 = w. Let v(y) = 9*y - 1. What is v(n)?
8
Let z(f) = -f**3 - 5*f**2 - 2*f - 3. Let x(y) = y**3 - 4*y**2 + 5. Let d be x(4). Suppose -2*s - s + 12 = 0. Suppose -5*m + s*m = d. What is z(m)?
7
Let d(c) = 4*c + 1. Suppose 0 = -4*l - 5*j - 9, 0 = -3*j - 12 - 3. Let h = -5 + l. Calculate d(h).
-3
Let q = -10 - -18. Let z(m) = -m**2 + 9*m - 12. Let x be z(q). Let w(s) = 2*s + 6. Calculate w(x).
-2
Let v(f) = 2*f**2 + 2*f + 3. Suppose 4*o + 2 + 18 = -4*c, -c - 5*o - 17 = 0. Calculate v(c).
7
Let r be ((-2)/(-5))/((-19)/(-95)). Let j(l) be the third derivative of 0 + 1/6*l**3 + 0*l + 2*l**r - 1/30*l**5 - 1/60*l**6 + 0*l**4. Give j(-2).
9
Let u(z) = 4*z + z**2 + 3 + 0*z**2 + 0*z**2. Let r be (-4)/20 + 11/5. Let o = r - 5. Calculate u(o).
0
Suppose 2*n - r - 2 = -0*n, 4*r = -3*n + 25. Let a be (0 - n)*6/(-9). Suppose i = -4*t - 2, 0 = -a*i - 0*t + 2*t + 16. Let q(b) = b**2 - 5*b. Calculate q(i).
6
Let v(s) be the third derivative of s**5/60 + s**4/8 - s**3/2 + 2*s**2. Suppose -14 = -5*b + n + n, n = -4*b + 6. Determine v(b).
7
Let n be 10/(-3) + (-20)/30. Let r(b) = -b**2 - 7*b - 6. What is r(n)?
6
Let l(r) = 10*r**3 + 13*r**2 + 3*r - 6. Let c(g) = -7*g**3 - 9*g**2 - 2*g + 4. Let u(n) = 7*c(n) + 5*l(n). Give u(-2).
-4
Let m(p) = p**2 + p - 5. Suppose 0*c = -3*c - 3. Let j(i) = i**3 - i**2 + 2*i - 1. Let y be j(1). Let v be (1 + 3)*y/c. Give m(v).
7
Let a(m) = m - 8. Let f be a(8). Suppose -2*d - d = -9. Let z(s) = -2 - 3*s - d + s + 3*s. Determine z(f).
-5
Suppose 44 = q - 5*q. Let u(i) = i + 6. Calculate u(q).
-5
Let o be 34/8 + 2/(-8). Suppose 2*w - 6 = -2. Let p(u) = w*u - 6*u - 1 + 2*u